 = 5 + 0. Suppose 3*p = 5*x - 4, 2*x = 3*x + h*p - 12. Determine g(x).
-5
Let t(a) = a**3 - 8*a**2 + 3. Let b be t(8). Let k(f) = -7 + 10 - 4*f**b + 5*f**3 - f. Determine k(0).
3
Let a(d) = d**2 + 3*d - 14. Let z(w) = 2. Let l(n) = a(n) + 3*z(n). Calculate l(-6).
10
Let y = 21 - 19. Let s be (y - 4/2)/(-1). Let u(i) = -i - 6. Give u(s).
-6
Let o be -9 - 6*(-5)/(-10). Let t = 14 + o. Let g(w) = w - 3*w**2 + 1 + 3 - 2. Determine g(t).
-8
Let j be ((-48)/(-20))/((-16)/40). Let m(f) = 5*f - 10. Let v(u) = 6*u - 11. Let r = -18 - -25. Let z(g) = j*v(g) + r*m(g). Calculate z(6).
-10
Let n(s) = 14*s**2 + 50*s - 22. Let u(c) = 5*c**2 + 17*c - 7. Let x(t) = -6*n(t) + 17*u(t). Let f = 2923 - 2914. What is x(f)?
-5
Let h(s) be the third derivative of 6*s**2 + 0 - 1/6*s**4 + 1/2*s**3 + 0*s. Suppose 2*k + 3 = 7. What is h(k)?
-5
Let t(c) = c**3 + 5*c**2 + 2*c - 2. Let s(p) = -3*p**2 - 12*p - 12. Let h be s(-3). What is t(h)?
10
Let h(i) = -i**2 + 4*i + 13. Suppose -14 = -z + 4*s, -4*z + 6*z + 5*s - 2 = 0. Give h(z).
1
Suppose d = -2*g + 1, -3*g + 2*d + 21 = -3*d. Let y(h) = 2*h - g*h + 0*h - 2*h - 1. Suppose -9 = -10*w + 11. Calculate y(w).
-5
Let c(m) = 11*m - 85. Let q be c(8). Let y(l) be the third derivative of 0*l - 5/24*l**4 + 0 - 1/120*l**6 + q*l**2 - 1/10*l**5 + 7/6*l**3. What is y(-5)?
7
Let t = 6 + -3. Let d(l) = -2*l + t*l - 2*l. Let i(k) = 3*k**2 + 14*k - 83. Let f be i(-8). Calculate d(f).
3
Let j(v) = v**3 + 6*v**2 - 6*v + 3. Let x(d) = 60*d**2 - 3*d + 1. Let t be x(1). Suppose -t*w = -63*w - 35. Give j(w).
-4
Let g = 24 - 19. Suppose 4*h - 30 = 5*k - 2*k, g*k = 5*h - 40. Let l(a) = -2*a - 8. Give l(h).
-20
Let f(d) = 9*d**2 - 3*d - 1. Let l(t) = -t**3 - 13*t**2 - 12*t - 2. Let w be l(-12). Calculate f(w).
41
Let a(w) = -w**3 + 6*w**2 - 2*w + 3. Let d(p) = -p**2 + p - 1. Let t(o) = a(o) + 2*d(o). Suppose -4*g - u + 13 = 0, 4*u + 10 = g - 6. Calculate t(g).
1
Let w(h) = 13*h**3 + h**2 + 5*h + 20. Let m(z) = 28*z**3 + 2*z**2 + 11*z + 40. Let s(o) = 6*m(o) - 13*w(o). Let c be (-2)/(-4)*(-1 - -1). Determine s(c).
-20
Let y = 553 + -551. Let f(n) be the third derivative of 2/3*n**3 + 0 + 0*n + 1/15*n**5 - 1/120*n**6 + n**y - 1/12*n**4. Give f(4).
-4
Let l(z) = -z + 1. Let p(j) = 13*j**2 - 6*j**2 + 4*j**2 + j**3 - 4 + 10. Let s be p(-11). Let b(x) = -x + 1. Let c(k) = s*b(k) - 5*l(k). Determine c(-6).
7
Suppose -6*n + 5312 = 290. Let w(s) = -835*s + n*s + 2 - 2. Give w(3).
6
Let x be 12/30 - (-39)/15. Let r(v) = 1 - x - 28*v + 30*v. Let s = -2 - -5. Give r(s).
4
Let u(d) = -16*d - 1. Let z(o) = -14*o - 3. Let h(j) = 5*u(j) - 6*z(j). What is h(-6)?
-11
Let x(c) = c**2 + 2*c - 2. Let f(d) = 4*d - 2 - 4*d - 2 - d**2. Let z be f(3). Let r = -16 - z. Determine x(r).
1
Let t(x) be the third derivative of -7/3*x**3 - 1/24*x**4 + 0*x + 0 + x**2. Determine t(-7).
-7
Let c(k) be the first derivative of 16*k**2 - 3*k + 83. Calculate c(1).
29
Let j(b) = b**2 + 8*b + 2. Suppose -5*v + 5 = 2*q - 0, 0 = -3*q - 15. Let p(o) = 3*o**2 - v*o**2 - 2*o**2 - 4 - 2*o + o**2. Let g be p(-3). Give j(g).
-5
Let w(p) = -7*p**3 + 4*p**2 + 11*p + 10. Let r(c) = -19*c**3 + 13*c**2 + 32*c + 28. Let t(m) = 4*r(m) - 11*w(m). Determine t(-7).
2
Let b(u) = 5*u + 11. Let k = 939 + -944. Determine b(k).
-14
Suppose 33*o - 14*o - 38 = 0. Let s(z) = 2*z**2. Calculate s(o).
8
Suppose -3*f - 13 + 61 = -4*j, j - 43 = -2*f. Let c(z) = z**3 - 21*z**2 + 20*z + 3. Calculate c(f).
3
Let i(y) = y**3 + 16*y**2 + 15*y + 16. Suppose -30 = 3*g + 5*x, 0 = -2*g - 0*x - 2*x - 24. Give i(g).
16
Let i(o) = -7*o + 4. Suppose -27*s + 63 = 9. Determine i(s).
-10
Let m = 126 - 121. Suppose -m*b - 5 = -2*y, y + b + 3 = 9. Let q(h) = -h**3 + 4*h**2 + 7*h - 7. Give q(y).
3
Let d = -25 - -16. Let f be 2/9 - 25/d. Suppose 3*m - 20 = -n, 2*n + 3 = f*m - 2. Let r(h) = -h - 1. Determine r(m).
-6
Let s(l) = l**3 - 10*l**2 - l. Let w be s(10). Let h = 22 + w. Let p = 16 - h. Let i(n) = n - 4. What is i(p)?
0
Let r = 254 - 250. Let d(t) = t**3 - t**2 - t. Determine d(r).
44
Let f(n) = 2*n**2 + 6*n - 5. Let s be f(-5). Let z = s + -11. Let u(m) be the first derivative of m**2/2 + 31. Give u(z).
4
Let m be (-7)/2*((-48)/1)/1. Let n = 172 - m. Let c(r) = r**3 - 2*r**2 - 4*r + 6. What is c(n)?
22
Let a(q) = 118 + 7*q + 0*q**2 + q**2 - 112 - 3*q + 6*q. Calculate a(-9).
-3
Let t(k) = 27*k**2 + 1. Let s be ((-21)/42)/((-2)/4). What is t(s)?
28
Let z(m) = m**3 - 9*m**2 + 11*m + 5. Let v(j) = j**3 - 2*j**3 + 4*j**2 - 70 + 3*j + 66. Let a be v(4). What is z(a)?
29
Let q(z) = z**3 - z + 8. Let w(v) = v + 3. Let r be (-64)/(-7) + 1/(-7). Suppose a = 4*a + r. Let s be w(a). Calculate q(s).
8
Let p(k) = -3*k**3 - 2*k**2 + k. Let q be 480/(-18)*54/(-15). Let f = 94 - q. Calculate p(f).
14
Suppose -4*x = 4*c + 20, -c = -4*x + 8*x + 20. Let t(o) = -o**3 - o**2 - 7. Give t(c).
-7
Let m(n) = 9*n + 7*n + 7*n - 27*n - 16. Calculate m(-5).
4
Let z be (-3)/(-3) + (-3)/(-1). Let s(x) = 345 + x + 3*x + 4*x**2 - 343 - x**3 - 3*x. What is s(z)?
6
Let k = -6 + 14. Let n(b) = b - 6. Let h be n(k). Let x(q) = -1 - 9*q**3 - 7*q**2 - 2*q - h - 6*q + 10*q**3. Give x(8).
-3
Let m(y) = -2 - 3*y + 6 + 0. Let c(l) = 7*l - 8. Let u(q) = -4*c(q) - 9*m(q). Let f = -14 + 10. Give u(f).
0
Let j(w) = -w**2 + 5*w + 2. Let g(b) be the first derivative of 4*b**3/3 - 10*b**2 - 7*b - 2. Let l(h) = 2*g(h) + 9*j(h). Determine l(6).
-2
Let x(m) = -7*m**3 + 17*m**2 - 2*m - 7. Let n(d) = -12*d**3 + 34*d**2 - 3*d - 14. Let o(i) = 3*n(i) - 5*x(i). Calculate o(17).
10
Let v = 50 + -45. Let n(u) = -5*u**3 - 12*u**2 + 9*u + 5. Let d(m) = -m**3 - m**2 + m + 1. Let g(c) = 6*d(c) - n(c). Determine g(v).
11
Let z(p) = -5*p**3 + 13*p**2 - 19*p - 13. Let g(a) = -2*a**3 + 6*a**2 - 9*a - 6. Let f(t) = 7*g(t) - 3*z(t). Let s = 9 - 15. Let u = 2 + s. What is f(u)?
5
Let p(h) = -h + 9. Suppose -4*y - 2*j = -6 + 46, -4*y - 44 = 3*j. Calculate p(y).
17
Let t(w) be the first derivative of 1/4*w**4 + 3*w**2 - 9 + 7/3*w**3 + 9*w. Calculate t(-6).
9
Let g = 198 + -196. Let l(y) = -y - 1. Let i be l(-4). Let k(a) = a**2 + 3*a - 5. Let d(c) = -2*c**2 - 3*c + 6. Let b(m) = g*d(m) + i*k(m). Calculate b(2).
-1
Let v(n) = -2 + 2*n - n + 0. Let l be 35/(-980) + (-2)/8 - (-2)/7. Calculate v(l).
-2
Let b(v) = v**2 - 5*v - 1. Let o(t) = -t**2 + 4*t - 3. Let z(h) = 3*b(h) + 4*o(h). Calculate z(0).
-15
Let w(v) be the first derivative of -v**2/2 + 8*v + 23. Let i(a) = 7. Let t(o) = -3*i(o) + 2*w(o). Calculate t(6).
-17
Let t(k) = -14*k + 5. Let x(q) = -q**2 - 37*q - 184. Let c be x(-31). What is t(c)?
-23
Let k(s) be the third derivative of s**4/3 - s**3/6 - 23*s**2 - s. Determine k(-3).
-25
Let u be ((-17)/(-2))/((-1)/30). Let v be ((-2)/(-6))/(17/u). Let p(g) = -g + 5. What is p(v)?
10
Let x(j) = -j**3 + 7*j**2 - 6*j - 5. Suppose 3*s - 31 - 13 = -d, -5*d - 46 = -4*s. Let u = 20 - s. Determine x(u).
-5
Let f(a) = a**2 - 15*a + 28. Let g be f(13). Let n(q) = g + 7*q**2 + 3*q**3 - 15*q**2 + q + 4*q**2 - 4*q**3. Determine n(-4).
-2
Suppose -2*p - 5*h + 8 = 0, -p - 2 = 2*h - 7. Suppose 3*b - 4*l = 12, 4*b + p = -0*l - 3*l. Suppose b = -4*i - 10 - 2. Let a(n) = n**2 + 2*n + 3. What is a(i)?
6
Let l(n) = 5*n**2 - 6*n - 10. Let a(u) = 2*u**2 - 3*u - 5. Let t(b) = 7*a(b) - 3*l(b). Calculate t(-5).
-15
Suppose 2*s + 11 = s - 3*r, -3*r = -s + 1. Let j(q) = q + 4. Calculate j(s).
-1
Let z(a) = 25*a - 547. Let n(i) = -12*i + 243. Let s(o) = 9*n(o) + 4*z(o). Suppose -2*t = -2*r - 6, 0 = 3*r - 4*t - 2 + 15. Give s(r).
-9
Let v(c) be the first derivative of c**3/3 - 2*c - 105. Determine v(-3).
7
Let h(c) = c**2 - 4*c + 2. Let n(i) = i**3 - 4*i**2 - 6*i - 4. Let r be n(5). Let f be 4/(-3)*r/2. Let l be f + (-1 - (3 + -3)). What is h(l)?
7
Let a(k) = 48*k - 103*k + 3 + 54*k - k**2. Suppose 4*t + 15 = -3*u, -3*t - 2*u = 2*t + 17. Give a(t).
-3
Let w(p) = -p + 3. Let q be ((-3)/3*2)/(0 + 2). Let g be w(q). Let f(h) = 4*h - 2. Give f(g).
14
Let r(y) = 1 + 6 - 6 + 4*y. Let d = 38 + -41. Give r(d).
-11
Suppose -3 = -5*p + 7. Let n(t) = -2*t - t**2 + t + t**3 - 1 - t + 0*t**p. Let u(l) = l**3 + 9*l**2 + 8*l + 3. Let w be u(-8). Determine n(w).
11
Let k(l) = -l - 23. Let f(r) = 2*r**2 + 28*r + 82. Let b be f(-6). Determine k(b).
-9
Let w(q) = 3*q + 3. Let m(v) = 4 - v**3 - 8*v**2 - 6 - 7*v + v**2 - 6. Let i be 5/((-15)/9)